u + 2*u = -l + 557. What is the hundreds digit of u?
1
Suppose -2*d = 2*d - 72. Let c = -2 + d. Suppose 0 = -5*a - c + 91. What is the tens digit of a?
1
Let a = -143 + 75. Let o = a - -137. What is the units digit of o?
9
Suppose -4*z + 9*z + j = -1085, 434 = -2*z + 3*j. What is the tens digit of z/(-3) + 1*5/(-15)?
7
Suppose 425 = -3*l + 8*l. Suppose -19 - l = -2*x. What is the units digit of x?
2
Suppose -2*p + 213 = -93. Suppose -p*l + 151*l + 18 = 0. What is the units digit of l?
9
Let z(a) be the third derivative of a**6/720 + a**5/12 + a**4/6 - 5*a**2. Let g(t) be the second derivative of z(t). What is the tens digit of g(12)?
2
What is the tens digit of 48/12 - 398/(-1)?
0
Suppose 0 = -4*i - 7 - 5. What is the units digit of 150 - 2 - i - (7 + -4)?
8
Suppose 5*a - 2*o + 0*o - 217 = 0, 0 = -a + 5*o + 48. Let v = a - 17. What is the units digit of v?
6
What is the units digit of (-15)/6*8252/(-10)?
3
Let w(b) = 9*b. Let l be w(1). Suppose 14 = -7*j + l*j. What is the units digit of j/(-3)*-3*1?
7
Let x(h) = 6*h - 19. Let d be x(7). Suppose -d = 4*q - 43. Suppose 2*a - 2*k = 4*a - 32, -110 = -5*a + q*k. What is the units digit of a?
9
Let l(v) = v**2 + 3*v - 16. Let j be l(-5). Let k be (-11)/(-66) - (-1)/j. Suppose 5*m + 4*c - 36 = 0, -c = -k*m - 4*m + 12. What is the units digit of m?
4
Let w = -5 + 2. Let p(m) = m**3 + 6*m**2 + 3*m - 2. Let v be p(w). Let h = 35 - v. What is the units digit of h?
9
Let s(q) = -6*q**2 + 10*q - 29. Let m be s(7). Let r = -108 - m. What is the units digit of r?
5
Let y(d) = -d - 15*d - 8*d + 1 + 11*d. Let f(n) = -n**3 - 4*n**2 - 4*n - 4. Let l be f(-3). What is the tens digit of y(l)?
1
Let y(f) = 2*f**2 - 11*f + 21. Let v be y(4). Suppose 4*d = -4*g + 68, v = g + 4*d - d. What is the units digit of g?
1
Let g(x) be the third derivative of 0 + 1/6*x**3 - 2*x**4 + 0*x + 8*x**2. What is the tens digit of g(-1)?
4
Let q(z) = z**2 - z - 2. Suppose 0 = c - 3*c + 4. Let h be q(c). Suppose h = 2*v - 58 + 12. What is the units digit of v?
3
Let b(q) = 3*q**3 + 26*q**2 + 2*q - 20. What is the hundreds digit of b(6)?
5
Let y be 1*(2 - -2)/(3 - 5). What is the hundreds digit of 1 + (-495)/(10/y)?
1
Let a = 30 + -25. Suppose -4*t + 72 - 337 = -f, -f + 269 = -a*t. What is the tens digit of f?
4
Let k = -7 + 9. Let d be 3/(k - (-3 - -8)). What is the tens digit of d/2 - (-105)/2?
5
Let d(j) = j**3 + 21*j**2 + 10*j - 28. What is the hundreds digit of d(-20)?
1
Suppose 6 = -2*g + 10. What is the units digit of g/13 + (-189)/(-39)?
5
Let t be -10*((-156)/8)/3. Let u = 31 + t. Suppose 4*x = -3 - 5, 2*x + u = 4*q. What is the units digit of q?
3
What is the units digit of 81/(-216) + (-34881)/(-24)?
3
Let l be ((-8)/10)/((-8)/20). Suppose 4*w + 4*p - 628 = 0, -l*w + 2*p = 2*w - 640. What is the tens digit of w?
5
What is the hundreds digit of ((-2 - -6)*-1572)/((-9)/6)?
1
Suppose -12 = d - 2*d - 3*q, -2*q = -4. Suppose 5*y = 44 + d. Suppose -a - 5*j = -y, 5*a - 26 = 3*j - 4. What is the units digit of a?
5
Let z = 582 + -588. Let l(i) be the second derivative of i**5/20 + 2*i**4/3 + 7*i**3/6 - 4*i**2 - i. What is the tens digit of l(z)?
2
Suppose 0 = -f + 27 + 69. What is the units digit of f?
6
Suppose 1168 = 7*i - 1296. Suppose 2*t = 4*m + i, 3*m = t - 0*m - 176. What is the hundreds digit of t?
1
Let q(o) = 45*o**2 - o. What is the tens digit of q(-1)?
4
Suppose -9*s = 20 + 43. Let a(r) = r - 1. Let y(u) = -4*u + 3. Let f(k) = -9*a(k) - 2*y(k). What is the units digit of f(s)?
0
Suppose 2*d + 2*d - 72 = 0. Let a be (d/(-10))/(9/(-45)). Let u(y) = 2*y - 10. What is the units digit of u(a)?
8
Suppose 0*v = -3*v + 6. Suppose -2*q + 662 = 5*y, -3*y + v*y - 5*q = -137. What is the units digit of y?
2
Suppose 5*t = -5*u - 65, 4*u - 3*t + t + 64 = 0. Let b(m) = -m**3 - 13*m**2 + 13*m + 24. What is the units digit of b(u)?
9
Let i = -2 - -10. Let n = 8 - i. Suppose -2*d - 2 = n, -124 = -0*r - 3*r + d. What is the tens digit of r?
4
Let h = 1860 - 1236. What is the hundreds digit of h?
6
Suppose -5*z - p + 10 = 0, p = -3*z + 2*z + 2. Suppose a - z*a + 2*k + 61 = 0, -5*a = k - 316. What is the units digit of a?
3
Let c(w) = 109*w**2 + 7*w - 5. What is the units digit of c(2)?
5
Let z(j) = j**3 - 9*j**2 + 3. Suppose 3*f + 9 = 4*f. Let a be z(f). Suppose a*c + 15 - 96 = 0. What is the tens digit of c?
2
Let v = 443 + -129. Let j = 484 - v. What is the units digit of j?
0
Let o = -3148 + 4540. What is the units digit of o?
2
Let f = 90 + -92. What is the tens digit of f/5 + (-3042)/(-30)?
0
Let y = 3782 + -1572. What is the hundreds digit of y?
2
What is the tens digit of (-1060)/(-8)*-22*8/(-10)?
3
Let i(b) = 21*b**2 + 17*b + 350. What is the thousands digit of i(-13)?
3
Let h(i) = 3*i + 1. Let n be h(1). Suppose 112 = -4*t - 2*w, 0 = -n*w + 6*w. What is the units digit of (-2)/14 - 228/t?
8
Let r(q) = 6*q**2 - 3*q + 2. Let z be r(1). What is the units digit of ((-956)/(-20) + z)*5?
4
Suppose 3*d - 3*n = 24, 4*d - 11 - 19 = 5*n. Suppose -30 = -5*v - 0*v. Suppose 104 = -v*s + d*s. What is the tens digit of s?
2
What is the tens digit of -36*((-565)/20 + 6)?
0
What is the thousands digit of (-872)/10*350/(-28)?
1
Let z = -688 - -1077. What is the units digit of z?
9
Suppose -4*i + 25 = i. Suppose 0 = -i*p + 6*p - 10. Let t = p + -4. What is the units digit of t?
6
Suppose 7*w - 24 = 3*w. Suppose 2*b = 5*z - 1068, -7*b - 213 = -z - w*b. What is the tens digit of z?
1
Let w = 470 + -226. What is the hundreds digit of w?
2
Let c(s) = 6*s - 3. Let l be c(-4). Let i(f) = f**3 - 10*f**2 - 15*f - 1. Let u be i(11). Let z = l - u. What is the units digit of z?
8
Let i(c) = c**3 + 56*c**2 + 130*c - 44. What is the thousands digit of i(-53)?
1
Suppose 5*h - 14 = 2*v + 38, 2*v + 4*h = -16. Suppose 5*j + 32 - 142 = 0. Let f = j - v. What is the tens digit of f?
3
Suppose -7*g = -5*g. Suppose 2*t - 6*t + 16 = g. Suppose t*u + 10 = 9*u. What is the units digit of u?
2
Let d(m) = 3*m + 16. Let y be d(7). Suppose v - 5 = y. What is the units digit of (-28)/v*3/(-2)?
1
Let b be (-7 - -6)*(0 - -2). What is the units digit of 14 - 2*(b + 1)?
6
Suppose -19*q - 7527 = -18756. What is the hundreds digit of q?
5
Let u(o) be the third derivative of -3*o**4/8 - o**3/2 - 3*o**2. What is the units digit of u(-5)?
2
Suppose 0 = -p - p + 4*i + 8, -2*i + 2 = 2*p. Let y be (4/(-8))/(p/(-36)). Let x = y + -6. What is the units digit of x?
3
Let x(m) = 6*m + 34. Suppose -f + 0*f = 3*b - 8, 32 = 4*f - b. What is the tens digit of x(f)?
8
What is the units digit of 288/3*350/20?
0
Let n = -810 + 4665. What is the thousands digit of n?
3
Let f(u) = -5*u + 3*u**2 + 11 - 3 - 6 + u**2 - 2*u**2. Suppose -3*w + p + 5 = -13, w + 3*p + 4 = 0. What is the tens digit of f(w)?
2
What is the units digit of 263 + (-2 - 1 - -2)?
2
Suppose -2*d = -2*m - 60, 40*d + 5*m = 37*d + 66. What is the units digit of d?
7
Let l(s) = -49*s - 9. Let q be l(-11). Suppose 5*t + q = 4*v + 3*t, 5*v - 4*t - 658 = 0. What is the tens digit of v?
3
Suppose 4*b - 20 = -4*i, 4*b = -5*i + 6*b + 11. Suppose -61 = -3*t + 4*r, 0 = -0*r - i*r - 3. What is the tens digit of t?
1
Suppose 28 - 108 = -4*y. Let d be (-3 - y/(-6))*42. Let p = 32 - d. What is the units digit of p?
8
Let d(k) = 7*k - 8. Let x(n) = n**3 + 11*n**2 + 12*n + 9. Let l be x(-10). Let z = l - -16. What is the units digit of d(z)?
7
Let z(a) = 29*a - 11. Let y(f) = 15*f - 5. Let b(o) = 11*y(o) - 6*z(o). What is the tens digit of b(-11)?
1
Let i be 6/(-2) + (-2457)/9. Let v = i - -425. Suppose -m - 5*a = -41, -5*m + a + v = -2*a. What is the units digit of m?
1
Let k = -1356 + 3053. What is the thousands digit of k?
1
Suppose -s - 7 = -3*h, h - 9 = s - 4*s. Let c = 319 + -319. Suppose -4*j + 2*i - 7*i + 22 = c, s*j - 8 = -4*i. What is the units digit of j?
8
Suppose 3*w - 3*o = 951, 5*o + 661 - 12 = 2*w. What is the units digit of w?
2
Let q(m) = -5*m - 4. Let t(r) = r**3 - 6*r**2 - 7*r - 3. Let p be 5/(-2)*(-56)/20. Let u be t(p). What is the units digit of q(u)?
1
Suppose -u + 1 = 3*i - 1, 2*u + 16 = 4*i. Suppose i*b + 25 = 5*g + 3, -1 = 5*b + g. What is the units digit of 1*-1*(0 + b)?
1
Let m(a) = -a**2 - 9*a + 19. Let t be m(-13). Suppose 4*s = 19 + 5. What is the tens digit of (-2685)/(-55) - s/t?
4
Let k(w) = w**3 - 14*w**2 + 14*w